(10 + -9)) + -7?
-2
What is -2 + 2 - (23 - 18)?
-5
Evaluate (1 - -4) + -1 - 1.
3
Calculate 2 - 4 - 3 - -8.
3
4 - (8 + (1 - 2) + -2)
-1
Calculate 9 + -9 + 5 + 2.
7
What is 63 + -47 - (10 + -1)?
7
What is the value of 2 + 1 + -1 + (44 - 41)?
5
5 + 4 + 0 + -11 + 8
6
Calculate -4 + -2 - (29 + -35).
0
What is 4 + (-1 - 4 - (-21 - -21))?
-1
-2 + 0 + 2 + -2
-2
Calculate -1 + -2 + 40 + -41.
-4
What is the value of (-18 - (-15 - -5)) + -1 + 1?
-8
Evaluate -3 + (11 - 4 - -1).
5
Calculate 2 - (1 + -2 + 3) - -5.
5
Evaluate -5 + -2 + 4 + 2.
-1
-4 + (-3 - -11) + 1 + 0
5
Evaluate 11 - (3 + 0 + 4 + 0).
4
Calculate 7 + (8 - 9) - 5.
1
-6 - 1 - (2 - 4 - 0)
-5
What is -2 - -4 - (14 - 6 - 2)?
-4
Evaluate 2 - ((3 - 4) + 6).
-3
Evaluate -2 - (2 + -8 - (-3 - -5)).
6
Evaluate (-3 - 1) + (-5 - -9).
0
0 + (3 - -1 - (9 - 2))
-3
Calculate 5 + (6 - -1 - 6).
6
4 - ((0 - -2) + 6) - -6
2
What is -2 - (-14 - (14 + -26))?
0
What is the value of -1 + 1 + 15 + -14?
1
(96 - 83) + -8 + -1
4
What is -6 - ((-2 - -1 - -1) + -5)?
-1
What is the value of 2 + -6 + 0 - (140 + -135)?
-9
What is 4 - ((1 - 1) + 8)?
-4
What is the value of -1 + 3 - (0 - (1 - -2))?
5
11 + 2 - (-46 + 50)
9
What is -9 - (8 + -21 + 3)?
1
Evaluate 1 + (2 + 0 - 0) + 1.
4
What is the value of (-99 - -97) + -8 + 1 + 0?
-9
What is 7 + -8 + 1 - (2 - 1)?
-1
What is (18 - 17) + (-1 - -4)?
4
What is the value of -3 - (2 - -1 - (0 + 8))?
2
Calculate 6 - ((-3 - -5) + 2).
2
What is the value of -3 + 13 + -4 + -2?
4
7 + -2 + 1 + (1 - 4)
3
(-2 - 6 - -4) + 2
-2
What is the value of 66 + -56 + -8 + 2 + 0?
4
What is -6 + 10 + (5 + -1 - 6)?
2
What is -3 + 2 - (16 + -10 - 2)?
-5
What is the value of 0 - (7 - (16 + -7))?
2
Calculate -1 + (8 - 10) + -4.
-7
Evaluate 4 - 1 - (-5 + 4 + 1).
3
What is -10 - -5 - (0 + -13)?
8
Evaluate 5 - -7 - (-5 + 14).
3
-3 + (-13 - -6) + 5
-5
What is the value of (6 - -1 - 2) + (8 - 17)?
-4
-3 + (7 - (3 + -5)) + -8
-2
(-6 - 0) + 4 - -1
-1
What is (-6 + 2 - 0) + 3?
-1
What is the value of -6 + -6 + 5 + 1 + 1?
-5
Evaluate 4 - 7 - -5 - (12 + -18).
8
What is the value of 3 + (-6 - 0) - (-3 - -3)?
-3
Evaluate (-8 - -2) + (1 + -3 - -6).
-2
What is the value of -13 + 2 + (1 - -7) - 3?
-6
What is (-2 - -8 - (5 - 0)) + -2?
-1
Calculate (-20 - -12 - -19) + -11.
0
15 - 34 - (-16 + 4)
-7
Evaluate 32 + -40 - (-5 - (2 + -3)).
-4
Evaluate -6 + 4 + (-2 - -2 - 2).
-4
1 + -2 + (13 - 17)
-5
What is the value of 0 + (1 - (3 + -5)) + 0?
3
What is -14 + 16 - (2 + -4)?
4
Calculate (-1 - 0) + 51 + -50.
0
What is the value of -1 + 1 - -3 - (147 + -138)?
-6
What is 10 + (-17 - (2 - 6))?
-3
What is the value of 4 + (-7 - (-5 - (-5 + 2)))?
-1
Calculate (0 - -11) + -7 + 9 - 5.
8
3 + (-3 - -3 - -3) + -3
3
Evaluate -10 + (0 - (-4 - (5 + -3))).
-4
Evaluate (3 - 12) + 5 + 0.
-4
-13 - -5 - (-3 + -3)
-2
What is (-1 + 1 - 0) + 1?
1
0 + 1 - (16 - 12) - -2
-1
Calculate -13 + (-3 - -8) + 2.
-6
21 + -16 + (0 - 5)
0
Calculate -1 + 6 + -4 + -3.
-2
Calculate -2 - (1 + 4 + (3 - 3)).
-7
Evaluate -1 - (10 - (5 + 2)).
-4
-1 + -1 + -3 - (-9 + 7)
-3
1 - (-4 + 0 + 10)
-5
What is -10 + 6 + (2 - 0 - 0)?
-2
-2 + (11 + (-6 - -2) - 5)
0
Calculate -1 + (-2 + 0 - 1).
-4
What is the value of (-6 - (-2 - 1)) + 4?
1
What is 11 - 3 - (8 - 2)?
2
Evaluate 3 + (5 - 4) + -1 - 7.
-4
-4 + -3 + 4 + 2 + 2
1
What is 12 + (8 - (-9 + 36))?
-7
What is the value of 8 - (2 - -1) - 3?
2
-1 + 0 + (-15 - -16) + -5
-5
Calculate -1 - (1 + -4 + 1).
1
What is the value of (-1 - (-6 + 1)) + 1 + -2?
3
What is the value of -8 - (5 + -8 + 1)?
-6
What is the value of -29 - -32 - (7 + 0) - 2?
-6
What is 0 + 1 + 8 + -4?
5
9 - 9 - 6 - (-1 - 1)
-4
What is the value of 5 + -8 + -5 - (-1 + 1)?
-8
What is the value of -4 + 11 + -3 + (3 - 4)?
3
What is (2 - (-7 + 5 - -3)) + -6?
-5
What is the value of -13 - (1 + -2) - -7?
-5
What is the value of -5 + (0 - 0) - (23 - 24)?
-4
Calculate (2 - 4) + 1 + -5.
-6
What is the value of (0 - 1) + -20 + 18?
-3
What is the value of -1 + -6 - (12 - 16)?
-3
(-1 + -1 - -4) + -1
1
Calculate (-12 - -11) + -7 + -2.
-10
What is the value of (8 - 8) + -3 + (3 - 3)?
-3
Evaluate -4 + 8 + -11 + 2 + 5.
0
(6 - (18 - (12 - 6))) + 11
5
Calculate (5 - 4) + -3 + 3 + -4.
-3
-4 + 5 - (-2 + 1)
2
What is -30 + 25 + -3 + 2?
-6
2 - (6 - (6 - 3)) - 2
-3
11 + -6 + -2 + (0 - -2)
5
Calculate 1 + 5 + -5 + -6.
-5
What is -8 - (14 + -4 + -18)?
0
Calculate 4 + 0 + (0 - 0 - 5).
-1
Calculate 4 - (-2 - (7 - 7)).
6
What is -4 - (-4 - (-1 + 2) - -2)?
-1
Calculate -4 + (2 - 1) + 3 + -3.
-3
What is -13 + (-19 - -11 - -18)?
-3
What is the value of -1 + -5 + (4 - 2)?
-4
11 + -6 - -4 - 3
6
4 + (1 + (4 - 4) - 8)
-3
Evaluate 19 - 22 - (-4 - 0 - -10).
-9
What is (3 - (-8 - -6)) + (-4 - 0)?
1
What is -90 + 79 + (3 - -1) + -1?
-8
Calculate (1 + -1 - 0) + (-1 - -4).
3
Evaluate -1 + -4 - (27 - 27).
-5
What is (-4 + -1 + 2 - -5) + 3?
5
2 - (15 - 13 - (-4 - 0))
-4
What is the value of -1 - -3 - (6 + (-6 - -4))?
-2
Evaluate -2 - ((0 - (-1 + 0)) + 2).
-5
Evaluate -5 + (-4 - (-2 + (-2 - 3))).
-2
What is the value of (-6 - -5) + -2 + 0 - -3?
0
Evaluate -9 + (-4 - -3 - -5).
-5
Evaluate -6 + (6 - 3 - -1).
-2
What is -2 - -1 - (3 + -4 - -5)?
-5
Evaluate 6 + (-3 + 5 - (3 + 3)).
2
What is the value of (2 - -1) + 0 + 69 + -68?
4
Evaluate (0 - -3) + (-5 - -1).
-1
What is -3 - (0 - 2) - (-5 + 1)?
3
-5 + (-1 - 0 - (-23 - -21))
-4
6 + 2 + (-1 - 0 - 2)
5
What is 8 + (0 - (-1 - 1)) + -5?
5
What is -3 + 2 - (1 + (1 - 0))?
-3
What is the value of 9 + -16 + 0 + -2?
-9
What is the value of (26 + -26 - (-6 - 1)) + -3?
4
Evaluate 10 + -1 - (4 - 2).
7
Calculate (1 - 2) + -4 + 7 + -7.
-5
Calculate (-4 - 2 - -1) + 4 - 5.
-6
What is (-15 - -12) + 0 + 0?
-3
Calculate (-25 - -23) + -1 + 5 + 2.
4
(1 - -2) + -2 + 2 + -4
-1
0 + -5 + 3 + (6 - 4)
0
-4 - 1 - (4 - (6 - -1))
-2
Evaluate (-1 - (1 - 0)) + (31 - 27).
2
What is -2 + (9 - 3) + -3?
1
What is (-15 - -17) + -5 + -4?
-7
What is the value of -2 + 6 - (-50 + 55)?
-1
0 - 1 - (-7 - (3 + -7))
2
What is the value of 2 + 3 + -4 + -1 - -2?
2
4 + (-2 - (-1 + (4 - 2)))
1
-2 - (1 - (5 - 3) - -2)
-3
-4 + (0 - 0) + 5 + -2
-1
Evaluate -37 + 39 + 0 + (0 - -1).
3
8 + -2 - (-1 + 0)
7
Calculate -9 - (0 + (-8 - 3)).
2
1 + (5 - 3) + -2
1
Calculate (-6 - (-8 + -4)) + 0.
6
What is -6 - (2 + 3 - 5) - -2?
-4
Calculate -5 + 1 + 8 - (0 - 1).
5
What is the value of 0 - ((-6 - -6) + 5)?
-5
What is (-2 - 6) + (-1 + 2 - -2)?
-5
What is the value of (1 - (10 - 9)) + -3?
-3
What is -7 + 4 - (3 + -6 + 0)?
0
Evaluate -2 + (2 - (-1 - 1)) - 7.
-5
Evaluate 4 - 9 - (3 + 0 - 10).
2
Evaluate (-1 - 2) + -5 - -2.
-6
(2 - (0 - -2)) + 3 - 1
2
Evaluate (-4 - (3 - 5)) + (-1 - 0).
-3
-6 + 15 - (4 + 1)
4
What is (10 - 0) + 0 + -67 + 63?
6
Calculate (-5 - -3) + -2 - 0.
-4
Evaluate -20 + 24 - (-4 - 0).
8
-8 + (0 - (-7 + 3 + 5))
-9
What is the value of (2 - 14) + -48 + 57?
-3
4 - (-5 + 6) - -3
6
What is the value of 2 + 1 + -2 + 3?
4
What is the value of 3 + (0 - 3) - -4?
4
What is the value of 2 + -7 + 3 + 2?
0
What is the value of 1 + (0 - 2) - (-349 - -347)?
1
What is -10 + 0 + 14 - (-1 + 1)?
4
Calculate -5 - (2 + -1) - (-22 - -15).
1
-2 - -2 - (1 + (5 - 1))
-5
-1 + 1 + 0 - (-5 + 3)
2
What is the value of -6 + (17 - (7 - 1))?
5
What is -5 + -2 + 2 - (-2 - 6)?
3
Calculate (-1 + -1 - 1) + 7 + -6.
-2
Calculate 1 - (6 + -7 + 4 + 1).
-3
-5 + 3 - 5 - 0
-7
-8 - -7 - -4 - (-1 + 4)
0
What is the value of 4 + -4 - 1 - -4?
3
What is the value of -6 + 9 + 5 + -7?
1
What is the value of (2 - (-6 + 2)) + -4 + 0?
2
What is 1 + 1 + 2 + (6 - 7)?
3
What is -10 - (-4 + 3) - -8?
-1
Calculate 1 + (8 - (1 - -13)).
-5
What is -21 - -11 - -7 - -9?
6
Evaluate -4 + (3 - 8 - -15).
6
What is -52 - -50 - (-7 + -2)?
7
What is the value of -3 + (-3 - 2 - -4)?
-4
1 + -2 + -7 + (11 - 4)
-1
-3 + (8 + -5 - 0)
0
Calculate 1 - (-4 - (-3 + 2 - -3)).
7
Calculate -4 - -5 - (-2 + 1 + -3).
5
What is 6 - (3 - (-11 - -10))?
2
Calculate -3 - (-3 + 2 - (-1 + 0)).
-3
Calculate (-2 + 5 - 0 - 6) + 1.
-2
Evaluate -17 - -15 - (0 - -2).
-4
9 + 3 + -3 + -4
5
What is the value of -7 + -2 + 18 + 3 + -6?
6
Evaluate 5 - (28 - 14) - (-9 + 1).
-1
Evaluate -3 - (4 - 4 - 6).
3
-1 - ((27 - 31) + (4 - 0))
-1
Evaluate 1 - 7 - (21 - 29).
2
What is the value of -1 + -7 + 15 + 2?
9
What is 6 + -3 + -1 - 3?
-1
What is 7 + -11 - (3 - 2)?
-5
3 + (4 - (11 + 1))
-5
What is the value of (-10 - -17) +